{"id":5982,"date":"2021-06-04T08:37:24","date_gmt":"2021-06-04T08:37:24","guid":{"rendered":"https:\/\/www.domynoitalia.it\/?page_id=5982"},"modified":"2021-06-22T13:34:19","modified_gmt":"2021-06-22T13:34:19","slug":"modelli-organizzativi-231","status":"publish","type":"page","link":"https:\/\/www.domynoitalia.it\/index.php\/modelli-organizzativi-231\/","title":{"rendered":"Modelli Organizzativi 231"},"content":{"rendered":"[vc_row css=&#8221;.vc_custom_1539785668452{padding-top: 30px !important;}&#8221; el_class=&#8221;about-image&#8221;][vc_column width=&#8221;1\/2&#8243;][vc_column_text]\n<h2>Modelli Organizzativi 231<\/h2>\n<p style=\"text-align: justify;\">Il d.lgs. 231\/01 ha introdotto una nuova forma di responsabilit\u00e0 per le societ\u00e0 e pu\u00f2 prevedere diverse tipologie di sanzioni per il datore di lavoro, l\u2019imprenditore e anche per l\u2019azienda in caso di illeciti compiuti dai propri dipendenti.<\/p>\n<p style=\"text-align: center;\">Di fronte a tale forma di responsabilit\u00e0, l\u2019unica forma di<br \/>\nTUTELA<br \/>\n\u00e8 quella di dimostrare di aver adottato ed efficacemente attuato un<br \/>\nMODELLO<\/p>\n<p style=\"text-align: justify;\">di organizzazione, gestione e controllo idoneo a prevenire fatti quali quello che si \u00e8 verificato.<\/p>\n[\/vc_column_text][\/vc_column][vc_column width=&#8221;1\/2&#8243;][vc_single_image image=&#8221;6277&#8243; img_size=&#8221;full&#8221; alignment=&#8221;center&#8221; css=&#8221;.vc_custom_1623912448884{padding-top: 20px !important;}&#8221;][\/vc_column][\/vc_row][vc_row css=&#8221;.vc_custom_1512400326803{padding-bottom: 90px !important;}&#8221;][vc_column][vc_column_text css=&#8221;.vc_custom_1623856532937{padding-top: 10% !important;}&#8221;]\n<p style=\"text-align: justify;\">Tale modello non solo diventa un sistema di efficientamento della propria attivit\u00e0, ma \u00e8 anche l\u2019unico strumento di gestione che permette all\u2019imprenditore di evitare un coinvolgimento giudiziario della societ\u00e0 e sanzioni di carattere pecuniario o interdittivo.<\/p>\n<p style=\"text-align: justify;\">Grazie al proprio <em>team<\/em> di professionisti ed esperti del settore, DOMYNO \u00e8 in grado di fornire una consulenza specialistica in ogni settore della responsabilit\u00e0 derivante dal d.lgs. 231\/01 e garantisce non solo modelli 231 e assetti organizzativi davvero personalizzati per la realt\u00e0 aziendale ma anche forme di tutela dai rischi efficaci e non invasive per l\u2019imprenditore.<\/p>\n[\/vc_column_text][\/vc_column][\/vc_row][vc_row][vc_column][vc_custom_heading text=&#8221;DOMYNO \u00e8 quindi specializzata nella realizzazione di:&#8221; font_container=&#8221;tag:h3|font_size:28|text_align:center|color:%23ac1918&#8243; use_theme_fonts=&#8221;yes&#8221; el_class=&#8221;heading-title&#8221; css=&#8221;.vc_custom_1623910726284{padding-bottom: 50px !important;}&#8221;][\/vc_column][\/vc_row][vc_row css=&#8221;.vc_custom_1623910751194{margin-bottom: 100px !important;}&#8221;][vc_column width=&#8221;1\/3&#8243;][vc_custom_heading text=&#8221;Analisi e mappature&#8221; font_container=&#8221;tag:h4|text_align:center&#8221; use_theme_fonts=&#8221;yes&#8221;][vc_column_text]\n<p style=\"text-align: center;\">Analisi e mappature dei rischi mediante sistemi di\u00a0<em>Risk Analysis<\/em>, per la realizzazione di nuovi sistemi di tutela ma anche finalizzate a verificare l\u2019idoneit\u00e0 e l\u2019adeguatezza dei Modelli di tutela gi\u00e0 esistenti (<em>check<\/em> di conformit\u00e0)<\/p>\n[\/vc_column_text][\/vc_column][vc_column width=&#8221;1\/3&#8243;][vc_custom_heading text=&#8221;Modelli di organizzazione&#8221; font_container=&#8221;tag:h4|text_align:center&#8221; use_theme_fonts=&#8221;yes&#8221;][vc_column_text]\n<p style=\"text-align: center;\">Modelli di organizzazione, gestione e controllo per tutte le aree di rischio per garantire una tutela a 360 gradi sia per la societ\u00e0 che per il\u00a0<em>management<\/em><\/p>\n[\/vc_column_text][\/vc_column][vc_column width=&#8221;1\/3&#8243;][vc_custom_heading text=&#8221;Modelli organizzativi&#8221; font_container=&#8221;tag:h4|text_align:center&#8221; use_theme_fonts=&#8221;yes&#8221;][vc_column_text]\n<p style=\"text-align: center;\">Modelli organizzativi ai soli fini della sicurezza sul lavoro per tutelare la societ\u00e0 rispetto a tale sola area di rischio e non gravare sulla gestione organizzativa delle altre funzioni.<\/p>\n[\/vc_column_text][\/vc_column][\/vc_row][vc_row][vc_column][vc_column_text]La reputazione di DOMYNO \u00e8 tanto pi\u00f9 riconosciuta dai professionisti che assumono a vario titolo compiti di controllo societario e dal fatto che la stessa DOMYNO collabora con professionisti altamente qualificati cui \u00e8 possibile conferire l\u2019incarico di Organismo di Vigilanza.[\/vc_column_text][\/vc_column][\/vc_row][vc_row css=&#8221;.vc_custom_1623857056084{margin-top: 80px !important;}&#8221;][vc_column][vc_custom_heading text=&#8221;Desideri maggiori informazioni? Contattaci!&#8221; font_container=&#8221;tag:h3|font_size:34|text_align:center&#8221; use_theme_fonts=&#8221;yes&#8221; css=&#8221;.vc_custom_1623857157715{padding-bottom: 50px !important;}&#8221; el_class=&#8221;heading-title&#8221;]\n<div class=\"wpcf7 no-js\" id=\"wpcf7-f6391-o1\" lang=\"en-US\" dir=\"ltr\" data-wpcf7-id=\"6391\">\n<div class=\"screen-reader-response\"><p role=\"status\" aria-live=\"polite\" aria-atomic=\"true\"><\/p> <ul><\/ul><\/div>\n<form action=\"\/index.php\/wp-json\/wp\/v2\/pages\/5982#wpcf7-f6391-o1\" method=\"post\" class=\"wpcf7-form init\" aria-label=\"Contact form\" novalidate=\"novalidate\" data-status=\"init\">\n<fieldset class=\"hidden-fields-container\"><input type=\"hidden\" name=\"_wpcf7\" value=\"6391\" \/><input type=\"hidden\" name=\"_wpcf7_version\" value=\"6.1.5\" \/><input type=\"hidden\" name=\"_wpcf7_locale\" value=\"en_US\" \/><input type=\"hidden\" name=\"_wpcf7_unit_tag\" value=\"wpcf7-f6391-o1\" \/><input type=\"hidden\" name=\"_wpcf7_container_post\" value=\"0\" \/><input type=\"hidden\" name=\"_wpcf7_posted_data_hash\" value=\"\" \/>\n<\/fieldset>\n<div class=\"row\">\n\t<div class=\"contact-input\">\n\t\t<div class=\"col-md-12 col-sm-12\">\n\t\t\t<div class=\"contact-company\">\n\t\t\t\t<p><span class=\"wpcf7-form-control-wrap\" data-name=\"your-company\"><input size=\"40\" maxlength=\"400\" class=\"wpcf7-form-control wpcf7-text wpcf7-validates-as-required\" aria-required=\"true\" aria-invalid=\"false\" placeholder=\"Azienda *\" value=\"\" type=\"text\" name=\"your-company\" \/><\/span>\n\t\t\t\t<\/p>\n\t\t\t<\/div>\n\t\t<\/div>\n\t\t<div class=\"col-md-12 col-sm-12\">\n\t\t\t<div class=\"contact-name\">\n\t\t\t\t<p><span class=\"wpcf7-form-control-wrap\" data-name=\"your-name\"><input size=\"40\" maxlength=\"400\" class=\"wpcf7-form-control wpcf7-text wpcf7-validates-as-required\" aria-required=\"true\" aria-invalid=\"false\" placeholder=\"Nome e Cognome *\" value=\"\" type=\"text\" name=\"your-name\" \/><\/span>\n\t\t\t\t<\/p>\n\t\t\t<\/div>\n\t\t<\/div>\n\t\t<div class=\"col-md-12 col-sm-12\">\n\t\t\t<div class=\"contact-email\">\n\t\t\t\t<p><span class=\"wpcf7-form-control-wrap\" data-name=\"your-email\"><input size=\"40\" maxlength=\"400\" class=\"wpcf7-form-control wpcf7-email wpcf7-validates-as-required wpcf7-text wpcf7-validates-as-email\" aria-required=\"true\" aria-invalid=\"false\" placeholder=\"Email *\" value=\"\" type=\"email\" name=\"your-email\" \/><\/span>\n\t\t\t\t<\/p>\n\t\t\t<\/div>\n\t\t<\/div>\n\t\t<div class=\"col-md-12 col-sm-12\">\n\t\t\t<div class=\"contact-phone\">\n\t\t\t\t<p><span class=\"wpcf7-form-control-wrap\" data-name=\"your-phone\"><input size=\"40\" maxlength=\"400\" class=\"wpcf7-form-control wpcf7-tel wpcf7-validates-as-required wpcf7-text wpcf7-validates-as-tel\" aria-required=\"true\" aria-invalid=\"false\" placeholder=\"Telefono *\" value=\"\" type=\"tel\" name=\"your-phone\" \/><\/span>\n\t\t\t\t<\/p>\n\t\t\t<\/div>\n\t\t<\/div>\n\t\t<div class=\"col-md-12 col-sm-12\">\n\t\t\t<div class=\"contact-message\">\n\t\t\t\t<p><span class=\"wpcf7-form-control-wrap\" data-name=\"your-message\"><textarea cols=\"40\" rows=\"10\" maxlength=\"2000\" class=\"wpcf7-form-control wpcf7-textarea wpcf7-validates-as-required\" aria-required=\"true\" aria-invalid=\"false\" placeholder=\"Message *\" name=\"your-message\"><\/textarea><\/span>\n\t\t\t\t<\/p>\n\t\t\t<\/div>\n\t\t<\/div>\n\t<\/div>\n<\/div>\n<div class=\"col-md-12 col-sm-12\">\n\t<p style=\"font-size:14px;\"><br \/>\n<span class=\"wpcf7-form-control-wrap\" data-name=\"checkbox-2\"><span class=\"wpcf7-form-control wpcf7-checkbox wpcf7-validates-as-required\"><span class=\"wpcf7-list-item first last\"><label><input type=\"checkbox\" name=\"checkbox-2[]\" value=\"Dichiaro di aver letto\" \/><span class=\"wpcf7-list-item-label\">Dichiaro di aver letto<\/span><\/label><\/span><\/span><\/span><a href=\"https:\/\/www.domynoitalia.it\/index.php\/privacy-policy\/\" target=\"_blank\"><b> l'informativa sul trattamento dei dati personali<\/b><\/a><br \/>\n<span class=\"wpcf7-form-control-wrap\" data-name=\"radio-3\"><span class=\"wpcf7-form-control wpcf7-radio\"><span class=\"wpcf7-list-item first\"><label><input type=\"radio\" name=\"radio-3\" value=\"Acconsento\" \/><span class=\"wpcf7-list-item-label\">Acconsento<\/span><\/label><\/span><span class=\"wpcf7-list-item last\"><label><input type=\"radio\" name=\"radio-3\" value=\"Non acconsento al trattamento dei miei dati personali per le finalit\u00e0 connesse all\u2019invio a mezzo mail delle informazioni, anche di tipo commerciale, relative ai nostri servizi, offerte e promozioni.\" \/><span class=\"wpcf7-list-item-label\">Non acconsento al trattamento dei miei dati personali per le finalit\u00e0 connesse all\u2019invio a mezzo mail delle informazioni, anche di tipo commerciale, relative ai nostri servizi, offerte e promozioni.<\/span><\/label><\/span><\/span><\/span>\n\t<\/p>\n<\/div>\n<div class=\"contact-submit\">\n\t<p><input class=\"wpcf7-form-control wpcf7-submit has-spinner button\" type=\"submit\" value=\"Invia\" \/>\n\t<\/p>\n<\/div><div class=\"wpcf7-response-output\" aria-hidden=\"true\"><\/div>\n<\/form>\n<\/div>\n[\/vc_column][\/vc_row]\n","protected":false},"excerpt":{"rendered":"<p>[vc_row css=&#8221;.vc_custom_1539785668452{padding-top: 30px !important;}&#8221; el_class=&#8221;about-image&#8221;][vc_column width=&#8221;1\/2&#8243;][vc_column_text] Modelli Organizzativi 231 Il d.lgs. 231\/01 ha introdotto una nuova forma di responsabilit\u00e0 per le societ\u00e0 e pu\u00f2 prevedere diverse tipologie di sanzioni per [&hellip;]<\/p>\n","protected":false},"author":1,"featured_media":0,"parent":0,"menu_order":0,"comment_status":"closed","ping_status":"closed","template":"page-templates\/page-no-title.php","meta":{"_monsterinsights_skip_tracking":false,"_monsterinsights_sitenote_active":false,"_monsterinsights_sitenote_note":"","_monsterinsights_sitenote_category":0,"footnotes":""},"class_list":["post-5982","page","type-page","status-publish","hentry"],"yoast_head":"<!-- This site is optimized with the Yoast SEO plugin v27.3 - https:\/\/yoast.com\/product\/yoast-seo-wordpress\/ -->\n<title>Modelli Organizzativi 231 - Domyno Italia<\/title>\n<meta name=\"robots\" content=\"index, follow, max-snippet:-1, max-image-preview:large, max-video-preview:-1\" \/>\n<link rel=\"canonical\" href=\"https:\/\/www.domynoitalia.it\/index.php\/modelli-organizzativi-231\/\" \/>\n<meta property=\"og:locale\" content=\"it_IT\" \/>\n<meta property=\"og:type\" content=\"article\" \/>\n<meta property=\"og:title\" content=\"Modelli Organizzativi 231 - Domyno Italia\" \/>\n<meta property=\"og:description\" content=\"[vc_row css=&#8221;.vc_custom_1539785668452{padding-top: 30px !important;}&#8221; el_class=&#8221;about-image&#8221;][vc_column width=&#8221;1\/2&#8243;][vc_column_text] Modelli Organizzativi 231 Il d.lgs. 231\/01 ha introdotto una nuova forma di responsabilit\u00e0 per le societ\u00e0 e pu\u00f2 prevedere diverse tipologie di sanzioni per [&hellip;]\" \/>\n<meta property=\"og:url\" content=\"https:\/\/www.domynoitalia.it\/index.php\/modelli-organizzativi-231\/\" \/>\n<meta property=\"og:site_name\" content=\"Domyno Italia\" \/>\n<meta property=\"article:modified_time\" content=\"2021-06-22T13:34:19+00:00\" \/>\n<meta name=\"twitter:card\" content=\"summary_large_image\" \/>\n<meta name=\"twitter:label1\" content=\"Tempo di lettura stimato\" \/>\n\t<meta name=\"twitter:data1\" content=\"3 minuti\" \/>\n<script type=\"application\/ld+json\" class=\"yoast-schema-graph\">{\"@context\":\"https:\\\/\\\/schema.org\",\"@graph\":[{\"@type\":\"WebPage\",\"@id\":\"https:\\\/\\\/www.domynoitalia.it\\\/index.php\\\/modelli-organizzativi-231\\\/\",\"url\":\"https:\\\/\\\/www.domynoitalia.it\\\/index.php\\\/modelli-organizzativi-231\\\/\",\"name\":\"Modelli Organizzativi 231 - Domyno Italia\",\"isPartOf\":{\"@id\":\"https:\\\/\\\/www.domynoitalia.it\\\/#website\"},\"datePublished\":\"2021-06-04T08:37:24+00:00\",\"dateModified\":\"2021-06-22T13:34:19+00:00\",\"breadcrumb\":{\"@id\":\"https:\\\/\\\/www.domynoitalia.it\\\/index.php\\\/modelli-organizzativi-231\\\/#breadcrumb\"},\"inLanguage\":\"it-IT\",\"potentialAction\":[{\"@type\":\"ReadAction\",\"target\":[\"https:\\\/\\\/www.domynoitalia.it\\\/index.php\\\/modelli-organizzativi-231\\\/\"]}]},{\"@type\":\"BreadcrumbList\",\"@id\":\"https:\\\/\\\/www.domynoitalia.it\\\/index.php\\\/modelli-organizzativi-231\\\/#breadcrumb\",\"itemListElement\":[{\"@type\":\"ListItem\",\"position\":1,\"name\":\"Home\",\"item\":\"https:\\\/\\\/www.domynoitalia.it\\\/\"},{\"@type\":\"ListItem\",\"position\":2,\"name\":\"Modelli Organizzativi 231\"}]},{\"@type\":\"WebSite\",\"@id\":\"https:\\\/\\\/www.domynoitalia.it\\\/#website\",\"url\":\"https:\\\/\\\/www.domynoitalia.it\\\/\",\"name\":\"Domyno Italia\",\"description\":\"\",\"potentialAction\":[{\"@type\":\"SearchAction\",\"target\":{\"@type\":\"EntryPoint\",\"urlTemplate\":\"https:\\\/\\\/www.domynoitalia.it\\\/?s={search_term_string}\"},\"query-input\":{\"@type\":\"PropertyValueSpecification\",\"valueRequired\":true,\"valueName\":\"search_term_string\"}}],\"inLanguage\":\"it-IT\"}]}<\/script>\n<!-- \/ Yoast SEO plugin. -->","yoast_head_json":{"title":"Modelli Organizzativi 231 - Domyno Italia","robots":{"index":"index","follow":"follow","max-snippet":"max-snippet:-1","max-image-preview":"max-image-preview:large","max-video-preview":"max-video-preview:-1"},"canonical":"https:\/\/www.domynoitalia.it\/index.php\/modelli-organizzativi-231\/","og_locale":"it_IT","og_type":"article","og_title":"Modelli Organizzativi 231 - Domyno Italia","og_description":"[vc_row css=&#8221;.vc_custom_1539785668452{padding-top: 30px !important;}&#8221; el_class=&#8221;about-image&#8221;][vc_column width=&#8221;1\/2&#8243;][vc_column_text] Modelli Organizzativi 231 Il d.lgs. 231\/01 ha introdotto una nuova forma di responsabilit\u00e0 per le societ\u00e0 e pu\u00f2 prevedere diverse tipologie di sanzioni per [&hellip;]","og_url":"https:\/\/www.domynoitalia.it\/index.php\/modelli-organizzativi-231\/","og_site_name":"Domyno Italia","article_modified_time":"2021-06-22T13:34:19+00:00","twitter_card":"summary_large_image","twitter_misc":{"Tempo di lettura stimato":"3 minuti"},"schema":{"@context":"https:\/\/schema.org","@graph":[{"@type":"WebPage","@id":"https:\/\/www.domynoitalia.it\/index.php\/modelli-organizzativi-231\/","url":"https:\/\/www.domynoitalia.it\/index.php\/modelli-organizzativi-231\/","name":"Modelli Organizzativi 231 - Domyno Italia","isPartOf":{"@id":"https:\/\/www.domynoitalia.it\/#website"},"datePublished":"2021-06-04T08:37:24+00:00","dateModified":"2021-06-22T13:34:19+00:00","breadcrumb":{"@id":"https:\/\/www.domynoitalia.it\/index.php\/modelli-organizzativi-231\/#breadcrumb"},"inLanguage":"it-IT","potentialAction":[{"@type":"ReadAction","target":["https:\/\/www.domynoitalia.it\/index.php\/modelli-organizzativi-231\/"]}]},{"@type":"BreadcrumbList","@id":"https:\/\/www.domynoitalia.it\/index.php\/modelli-organizzativi-231\/#breadcrumb","itemListElement":[{"@type":"ListItem","position":1,"name":"Home","item":"https:\/\/www.domynoitalia.it\/"},{"@type":"ListItem","position":2,"name":"Modelli Organizzativi 231"}]},{"@type":"WebSite","@id":"https:\/\/www.domynoitalia.it\/#website","url":"https:\/\/www.domynoitalia.it\/","name":"Domyno Italia","description":"","potentialAction":[{"@type":"SearchAction","target":{"@type":"EntryPoint","urlTemplate":"https:\/\/www.domynoitalia.it\/?s={search_term_string}"},"query-input":{"@type":"PropertyValueSpecification","valueRequired":true,"valueName":"search_term_string"}}],"inLanguage":"it-IT"}]}},"_links":{"self":[{"href":"https:\/\/www.domynoitalia.it\/index.php\/wp-json\/wp\/v2\/pages\/5982","targetHints":{"allow":["GET"]}}],"collection":[{"href":"https:\/\/www.domynoitalia.it\/index.php\/wp-json\/wp\/v2\/pages"}],"about":[{"href":"https:\/\/www.domynoitalia.it\/index.php\/wp-json\/wp\/v2\/types\/page"}],"author":[{"embeddable":true,"href":"https:\/\/www.domynoitalia.it\/index.php\/wp-json\/wp\/v2\/users\/1"}],"replies":[{"embeddable":true,"href":"https:\/\/www.domynoitalia.it\/index.php\/wp-json\/wp\/v2\/comments?post=5982"}],"version-history":[{"count":18,"href":"https:\/\/www.domynoitalia.it\/index.php\/wp-json\/wp\/v2\/pages\/5982\/revisions"}],"predecessor-version":[{"id":6398,"href":"https:\/\/www.domynoitalia.it\/index.php\/wp-json\/wp\/v2\/pages\/5982\/revisions\/6398"}],"wp:attachment":[{"href":"https:\/\/www.domynoitalia.it\/index.php\/wp-json\/wp\/v2\/media?parent=5982"}],"curies":[{"name":"wp","href":"https:\/\/api.w.org\/{rel}","templated":true}]}}